295 - -287. Let k(w) = -w**2 - 7*w - 7. Give k(p).
-15
Let o(w) = 3*w + 39. Let b be ((-22)/4)/(40/80). Determine o(b).
6
Let w(d) be the second derivative of -d**4/12 + d**3 + 5*d**2/2 - 757*d. What is w(4)?
13
Let x(y) be the second derivative of -y**3/6 - 21*y**2/2 - 101*y + 1. Calculate x(-21).
0
Let u(j) = -j**3 - j**2 - j. Let g be u(-1). Let v = -18 - -21. Let a(s) = 14*s + v - 2 - 5*s. What is a(g)?
10
Let p(i) = -i**3 - i**2. Let r be p(-2). Suppose -r*f + 0 = -5*m + 5, 4*f - 2*m = 10. Suppose -8 - 22 = f*d. Let b(y) = y**3 + 6*y**2 + 2. Calculate b(d).
2
Let g(y) be the first derivative of y**4/4 - 7*y**3/3 - 3*y**2/2 + 3*y + 281. What is g(7)?
-18
Let b(p) be the first derivative of -p**7/840 + p**6/72 + 7*p**5/120 - p**4/24 + 6*p**3 + 10. Let w(q) be the third derivative of b(q). Give w(6).
5
Let k(j) = -10*j - 2 + 0 - 4*j + 13*j. Let i(v) = -v - 1. Let g be i(-4). Suppose -g = -3*s + 2*s. Give k(s).
-5
Let b(w) = w**2 + 3*w + 2. Suppose 2*n + 125 = -5*j - 126, 4*j + 199 = -n. Let s = 47 + j. Calculate b(s).
0
Let j(v) = -v**3 + 3*v**2 + 7*v - 6. Let q(k) = -3*k**2 + 11*k + 16. Let z be q(-6). Let t = 455 + z. Let g be (-2)/16 - t/(-72). Determine j(g).
6
Suppose 2*o - 13 = -4*h - 43, 0 = 3*o + 4*h + 35. Let q(u) = u**2 - 25. Calculate q(o).
0
Suppose 4*o + 14 = 3*w - 4, 4*o - 12 = 0. Let r(m) = -3*m - 28. Let x be r(-10). Suppose -4*k + x*k = -w. Let a(s) = s**3 - 4*s**2 - 6*s + 7. What is a(k)?
2
Let t(z) = -16*z - 11. Let v(k) = 7*k + 5. Let l(x) = 4*t(x) + 9*v(x). Let h = 17 + -13. Calculate l(h).
-3
Let h(c) = 15*c - 7. Let m(b) = 7*b - 3. Suppose -20 = 5*n + 3*x, -3*n + 3*x + 12 = -0*n. Let s be (-13)/(n*(-1)/1). Let p(t) = s*m(t) + 6*h(t). What is p(-6)?
3
Let g(i) = -i**2 + 5*i + 1. Let k be 98/20 - 1/(-10). Determine g(k).
1
Let m(i) = i**2 + 6*i + 67. Let f(v) = v**2 + 7*v + 55. Let y(j) = -5*f(j) + 4*m(j). What is y(-10)?
3
Let x(w) = -3*w + 6. Let u be x(0). Let l(d) = d**3 - 5*d**2 + u + 2*d + 0 - 3 + 0. Let m be (-1 - 1) + (0 - -6). What is l(m)?
-5
Let f = -47 + 49. Suppose w + 2*q - 1 = -f, -3*w = 4*q + 5. Let i(h) = -2*h**2 + 2*h + 2. What is i(w)?
-22
Let n = 922 - 917. Let u(j) = -2*j**2 + 10*j. Give u(n).
0
Let m(v) = -v - 2. Let r be m(-6). Suppose 0 = -4*k + q + 16 - 7, 3*q = 3*k - 9. Let w(p) = -p + 3*p**2 + 1 + 0*p - r*p**k + 0*p**2. Determine w(-4).
-11
Let p(g) = -g**2 + 11*g + 17. Let t(j) = -3*j + 30. Let w be t(6). Give p(w).
5
Let s(a) = -2*a - 2. Suppose 0 = 5*k - 5*v + 135, -6 = -4*v + 6*v. Let p be 64/k - 2/(-15). Determine s(p).
2
Suppose 8 = -4*l - 2*n, 5*l = 4*n - 8*n - 10. Let w = -1 + l. Let r(t) = 0*t**2 - 1 + 4*t**2 - 3*t + 4*t - 3*t**2. Give r(w).
5
Let u(p) = -p - 1. Let s(d) = d + 2. Let y = 84 + -86. Let c(g) = y*s(g) - 3*u(g). Give c(-3).
-4
Suppose -8 = j - 12. Suppose -u = 4*p - 3, 5*p - 2*p + j*u + 14 = 0. Let t(s) = 17 + 2*s - 13 + 2*s - s**p. Calculate t(4).
4
Let b(q) = q**2 + 4*q + 3. Let a(j) be the third derivative of 4*j**2 + 1/12*j**4 + 0*j + 1/60*j**5 + 0 - 7/6*j**3. Let x be a(-3). Determine b(x).
3
Suppose 0 = 3*l + 2*w + 4, 3*l - 4 = 2*w - 0. Suppose l*y + y + 1 = 0. Let i(d) be the first derivative of 7*d**2/2 + d + 31. What is i(y)?
-6
Suppose 7*c = 3*c + 4. Let p = 3 - c. Let g(k) = -2 - k**3 + k**3 + k**p - k**3 + 5*k. What is g(3)?
-5
Let d = 1125 + -1133. Let j(z) = -4*z - 30. What is j(d)?
2
Let c(v) be the third derivative of -v**6/120 + v**5/10 + 7*v**4/24 + 7*v**3/6 + 265*v**2. Give c(7).
7
Let l(s) = -1 - 2*s**2 + s + 22618*s**3 - 22617*s**3 + s**2. Suppose -20 = -5*k + 5*n, 0*k + 4*k + 2*n + 8 = 0. Calculate l(k).
-1
Let z be ((-6)/(-9))/((-12)/162*1). Let n(s) = s**2 + 8*s - 11. Give n(z).
-2
Let o(y) = 307*y + 313*y - y**2 + 35 - 620*y. Give o(0).
35
Let c(w) = -6 - 4 + 10 + w + 3. Let i be c(-1). Let a(m) = 4*m - 2. Give a(i).
6
Let s be 2/(-3)*(-7 + 4). Let z(a) = a + s - 2 + 1 + 3. Calculate z(3).
7
Suppose 4*l + 7*f + 23 = 2*f, -4*l - 2*f - 14 = 0. Let g(c) = -c**3 - 3*c**2 + c - 3. Determine g(l).
-9
Suppose -q - 2*q - 12 = 0, 4*y = 3*q + 32. Let l(s) = 0 + 7946*s**2 - 2 + 2*s - 7947*s**2. Calculate l(y).
-17
Let y be (8/5)/((-10)/(-25)). Let x(z) = y*z + 1 - 1 + 3. Let i(f) = -f**2 + 14. Let a be i(4). What is x(a)?
-5
Let h(l) be the third derivative of -l**6/120 - 11*l**5/60 - 11*l**4/24 - l**3/6 - 15*l**2. What is h(-10)?
9
Let y(j) = -2*j + 5. Let c(t) = 6*t + 65. Let l be c(0). Let o = -60 + l. Determine y(o).
-5
Let a(v) be the second derivative of 2*v**3/3 - 3*v**2/2 - 22*v + 3. Give a(2).
5
Let i(c) = -c. Let l(x) be the first derivative of -15*x**2/2 + x - 9. Let m(v) = 4*i(v) - l(v). Give m(-1).
-12
Let c = -4 - -7. Suppose s + 0*y - c = -2*y, -y = -3*s - 19. Let z(o) = 2*o + 7. Give z(s).
-3
Let i(z) = -z**2 - 12*z + 29. Let u be i(-12). Let r(b) = -27 - u + 49 - 2*b + b. Calculate r(-5).
-2
Let u(p) = p**2 + 676*p + 676*p - 1347*p. Determine u(-4).
-4
Let k(j) be the second derivative of 1/60*j**5 + 1/6*j**4 - 2*j - 5/2*j**2 + 0 + 1/6*j**3. Let m(y) be the first derivative of k(y). Give m(-2).
-3
Let k(x) = x**3 + 7*x**2 + 4*x - 16. Let z be k(-6). Let u(d) = 58 - 119 + 59 - 3*d - d**2 + 0*d**2. Give u(z).
-6
Let g(w) = -2*w - w + 6 + 2*w. Suppose -17*q = -15*q - 2. Let m be 8/2 + q + -1 - -2. What is g(m)?
0
Let c be 2/(-4)*0/2. Let l(z) = -2*z**3 + 3*z**2 - 3*z + 3. Let m(p) = -p**3 + p**2 - p - 1. Let o(w) = l(w) - 3*m(w). Give o(c).
6
Let p(z) = 3*z**2 - 2*z + 4. Let m(x) = x**3 - 40*x**2 + 145*x - 33. Let u be m(36). Calculate p(u).
25
Let z(u) = -u - 5*u + 4*u - 2. Suppose 2*q - 4*q = 4*t + 12, t = 5*q - 14. Calculate z(q).
-6
Let n(s) = -9*s + 64. Suppose -10 - 172 = -26*z. Give n(z).
1
Let i(u) = 4*u**2 + 23*u - 4. Let s be i(-6). Let l(n) be the third derivative of n**5/12 - n**4/6 + n**3/2 - n**2. What is l(s)?
15
Let y(m) = 435 + 2*m - 4*m - 429. Determine y(4).
-2
Suppose 9*p - 15*p = 14*p. Let i(q) be the first derivative of q**3 - 5 + p*q + 1/2*q**2. Give i(1).
4
Let q(m) be the third derivative of 5*m**4/24 - 11*m**3/6 - 161*m**2. Determine q(3).
4
Let v(r) = -4*r**2 - 4. Let c(z) = -z**2 - z - 1. Let y(o) = 3*c(o) - v(o). Suppose 10 = -5*f + 80. Let d = 18 - f. What is y(d)?
5
Let r(t) = 4*t - 70. Let y be r(18). Let o(c) = -c**2 - 1. Calculate o(y).
-5
Let h(n) = n**3 + 7*n**2 + 2*n + 16. Let x = 183 + -190. What is h(x)?
2
Let x(b) = b**2 + 2388 - 6*b - 2*b + 0*b**2 - 2394 - 4*b**2. Calculate x(-2).
-2
Suppose -36*i - 20 = -40*i. Suppose 3*p - i*h = 12, 0 = -2*p + h - 3*h + 8. Let k(u) = -u + 4. Calculate k(p).
0
Let v be (3/(-12))/(2/(-40)). Let b = v - -2. Let z(p) = 5*p**3 + p + 15. Let l(w) = -14*w**3 - w**2 - 4*w - 43. Let s(x) = 6*l(x) + 17*z(x). Calculate s(b).
-3
Let r be 1 + 1 - (-12)/3. Let k(y) = 4*y**2 - 2*y + r*y + y**2 + 1 - 6*y. Give k(1).
4
Let z(r) be the first derivative of 8*r - 1/2*r**2 - 4. Calculate z(7).
1
Suppose 2*c = m + 6, 3*c + 2*m + 0*m - 2 = 0. Let w(f) = -1 + 6 - 3*f**2 + 0 + f + 2*f**c. Calculate w(0).
5
Let g(w) = -w**3 + 2*w**2 + 2*w - 2. Let r be g(2). Suppose -k = 2*t - 0*k - 8, -r*t + 5*k - 4 = 0. Let n(i) = -3*i + 1. Give n(t).
-8
Let h(d) = 10*d**3 - 21*d**2 + 27*d - 5. Let w(k) = -7*k**3 + 14*k**2 - 18*k + 3. Let c(v) = -5*h(v) - 7*w(v). Calculate c(6).
-14
Let r(f) be the second derivative of 0 + 3/2*f**2 + 10*f - 5/6*f**3 + 1/12*f**4. Give r(6).
9
Let k(i) be the second derivative of -i**3/3 + i**2/2 - 56*i. Calculate k(-1).
3
Suppose 5*w + 22 = 12. Let s(a) = 4*a**3 + a**2 + a - 1. Calculate s(w).
-31
Let n(t) = t**2 - 6*t + 4. Let m(i) = -8 - 2*i**2 - 2*i + 7*i**2 - i**2 - 7*i. Let j be m(-1). What is n(j)?
-1
Let v(x) = -2*x - 1. Suppose 4*l = -0*l. Let i(u) = -5*u + u + l*u + 3*u. Let r(m) = i(m) - v(m). Determine r(-4).
-3
Suppose 2*h = -3*i + 33 + 7, 8 = 2*i. Suppose 5*f + h = -3*b, 2*f - 2 = 5*b - 10*b. Let l(w) = -w**2 + 2. What is l(b)?
-2
Let d(u) = u - 13. Let p be d(7). Suppose r - 2*s + 0*s - 8 = 0, -4*r - 3*s - 1 = 0. Let j(y) = 2*y - y**r + 0*y - 5*y - 3*y. Calculate j(p).
0
Let m(c) = 2*c**2 - 5*c - 20. Let f(i) = i**2 - 2. Let a(q) = f(q) - m(q). Give a(8).
-6
Let z(t) be the third derivative of 0*t + 0*t**3 + 1/40*t**6 + 0 + 1/24*t**4 + 19*t**2 + 0*t**5. What is z(1)?
4
Let o(n) = -n**3 - 4*n**2 + 5*n + 5. Suppose 352*r = 349*r - 12. Calculate o(r).
-15
Let j(